{"id":2091,"date":"2024-03-30T14:10:51","date_gmt":"2024-03-30T13:10:51","guid":{"rendered":"http:\/\/www.sigesport.es\/castellar\/?page_id=2091"},"modified":"2024-03-30T14:10:51","modified_gmt":"2024-03-30T13:10:51","slug":"puntwellness","status":"publish","type":"page","link":"https:\/\/www.sigesport.es\/castellar\/spa-i-bellesa\/puntwellness\/","title":{"rendered":"PUNT WELLNESS"},"content":{"rendered":"<p>&nbsp;<\/p>\n<p><img loading=\"lazy\" decoding=\"async\" class=\"size-full wp-image-3880 aligncenter\" src=\"http:\/\/www.sigesport.es\/castellar\/wp-content\/uploads\/2013\/11\/logo-punt-wellnes-ok.png\" alt=\"logo-punt-wellnes-ok\" width=\"292\" height=\"81\" \/><\/p>\n<p><img loading=\"lazy\" decoding=\"async\" class=\"aligncenter size-full wp-image-3879\" src=\"http:\/\/www.sigesport.es\/castellar\/wp-content\/uploads\/2013\/11\/BANNER-WELNNESS.jpg\" alt=\"BANNER WELNNESS\" width=\"959\" height=\"274\" srcset=\"https:\/\/www.sigesport.es\/castellar\/wp-content\/uploads\/2013\/11\/BANNER-WELNNESS.jpg 959w, https:\/\/www.sigesport.es\/castellar\/wp-content\/uploads\/2013\/11\/BANNER-WELNNESS-300x85.jpg 300w\" sizes=\"(max-width: 959px) 100vw, 959px\" \/><\/p>\n<p>Volem compartir amb tu una experi\u00e8ncia relaxant, plaent i inoblidable.<\/p>\n<p>Tots els productes facials i corporals que s&#8217;utilitzen s\u00f3n 100% <span class=\"hiddenGrammarError\">NATURALS<\/span> i BIOL\u00d2GICS, que, combinats amb un bon massatge obtindr\u00e0s, a m\u00e9s, una m\u00e0xima suavitat i elasticitat de la pell, eliminar\u00e0s c\u00e8l\u00b7lules mortes i aconseguir\u00e0s asserenar el teu cos i la teva ment.<\/p>\n<p>Quin massatge desitges?<br \/>\n[gymbase_gallery category=&#8217;quiromassatges, osteopatia, fisioestetica, promocions&#8217;]<\/p>\n","protected":false},"excerpt":{"rendered":"<p>&nbsp; Volem compartir amb tu una experi\u00e8ncia relaxant, plaent i inoblidable. Tots els productes facials i corporals que s&#8217;utilitzen s\u00f3n 100% NATURALS i BIOL\u00d2GICS, que, combinats amb un bon massatge obtindr\u00e0s, a m\u00e9s, una m\u00e0xima suavitat i elasticitat de la pell, eliminar\u00e0s c\u00e8l\u00b7lules mortes i aconseguir\u00e0s asserenar el teu cos i la teva ment. Quin [&hellip;]<\/p>\n","protected":false},"author":1,"featured_media":0,"parent":2087,"menu_order":0,"comment_status":"open","ping_status":"open","template":"","meta":{"_et_pb_use_builder":"","_et_pb_old_content":"","_et_gb_content_width":"","footnotes":""},"class_list":["post-2091","page","type-page","status-publish","hentry"],"_links":{"self":[{"href":"https:\/\/www.sigesport.es\/castellar\/wp-json\/wp\/v2\/pages\/2091","targetHints":{"allow":["GET"]}}],"collection":[{"href":"https:\/\/www.sigesport.es\/castellar\/wp-json\/wp\/v2\/pages"}],"about":[{"href":"https:\/\/www.sigesport.es\/castellar\/wp-json\/wp\/v2\/types\/page"}],"author":[{"embeddable":true,"href":"https:\/\/www.sigesport.es\/castellar\/wp-json\/wp\/v2\/users\/1"}],"replies":[{"embeddable":true,"href":"https:\/\/www.sigesport.es\/castellar\/wp-json\/wp\/v2\/comments?post=2091"}],"version-history":[{"count":16,"href":"https:\/\/www.sigesport.es\/castellar\/wp-json\/wp\/v2\/pages\/2091\/revisions"}],"predecessor-version":[{"id":5519,"href":"https:\/\/www.sigesport.es\/castellar\/wp-json\/wp\/v2\/pages\/2091\/revisions\/5519"}],"up":[{"embeddable":true,"href":"https:\/\/www.sigesport.es\/castellar\/wp-json\/wp\/v2\/pages\/2087"}],"wp:attachment":[{"href":"https:\/\/www.sigesport.es\/castellar\/wp-json\/wp\/v2\/media?parent=2091"}],"curies":[{"name":"wp","href":"https:\/\/api.w.org\/{rel}","templated":true}]}}